{"id":105,"date":"2018-10-07T10:32:02","date_gmt":"2018-10-07T08:32:02","guid":{"rendered":"http:\/\/85.135.125.102\/?page_id=105"},"modified":"2024-10-01T20:04:58","modified_gmt":"2024-10-01T18:04:58","slug":"m4g0r","status":"publish","type":"page","link":"http:\/\/www.compijada.cz\/index.php\/o-nas\/m4g0r\/","title":{"rendered":"M460r"},"content":{"rendered":"<div class=\"header\">\n<div class=\"avatar\"><img src=\"http:\/\/85.135.125.102\/wp-content\/uploads\/2018\/10\/muz-6.jpg\" \/><\/div>\n<div class=\"name\">M460r<\/div>\n<\/div>\n<div class=\"info\">\n<div class=\"title\">Skill<\/div>\n<div class=\"value\"><img src=\"https:\/\/66.media.tumblr.com\/8003971bc0b01de63c2efaa431875bcb\/tumblr_o0uvv4dyIc1sy2wxoo1_500.gif\" \/><\/div>\n<\/div>\n<div class=\"info\">\n<div class=\"title\">T\u00fdm<\/div>\n<div class=\"value\">Koroptvi\u010dky<\/div>\n<div class=\"title\">Posledn\u00ed upgrade<\/div>\n<div class=\"value\">Unknown<\/div>\n<div class=\"title\">Sestava<\/div>\n<div class=\"value\">Vesm\u00edrn\u00e1<\/div>\n<div class=\"title\">Status<\/div>\n<div class=\"value\">Ostrost\u0159elec<\/div>\n<\/div>\n\n\n<figure class=\"wp-block-embed is-type-video is-provider-youtube wp-block-embed-youtube wp-embed-aspect-16-9 wp-has-aspect-ratio\"><div class=\"wp-block-embed__wrapper\">\n<iframe loading=\"lazy\" title=\"m460r Staty\" width=\"1160\" height=\"653\" src=\"https:\/\/www.youtube.com\/embed\/kdroDA06AEQ?feature=oembed\" frameborder=\"0\" allow=\"accelerometer; autoplay; clipboard-write; encrypted-media; gyroscope; picture-in-picture; web-share\" referrerpolicy=\"strict-origin-when-cross-origin\" allowfullscreen><\/iframe>\n<\/div><\/figure>\n","protected":false},"excerpt":{"rendered":"<p>M460r Skill T\u00fdm Koroptvi\u010dky Posledn\u00ed upgrade Unknown Sestava Vesm\u00edrn\u00e1 Status Ostrost\u0159elec<\/p>\n","protected":false},"author":1,"featured_media":0,"parent":74,"menu_order":0,"comment_status":"closed","ping_status":"closed","template":"page-templates\/page_fullwidth.php","meta":{"_bbp_topic_count":0,"_bbp_reply_count":0,"_bbp_total_topic_count":0,"_bbp_total_reply_count":0,"_bbp_voice_count":0,"_bbp_anonymous_reply_count":0,"_bbp_topic_count_hidden":0,"_bbp_reply_count_hidden":0,"_bbp_forum_subforum_count":0},"_links":{"self":[{"href":"http:\/\/www.compijada.cz\/index.php\/wp-json\/wp\/v2\/pages\/105"}],"collection":[{"href":"http:\/\/www.compijada.cz\/index.php\/wp-json\/wp\/v2\/pages"}],"about":[{"href":"http:\/\/www.compijada.cz\/index.php\/wp-json\/wp\/v2\/types\/page"}],"author":[{"embeddable":true,"href":"http:\/\/www.compijada.cz\/index.php\/wp-json\/wp\/v2\/users\/1"}],"replies":[{"embeddable":true,"href":"http:\/\/www.compijada.cz\/index.php\/wp-json\/wp\/v2\/comments?post=105"}],"version-history":[{"count":7,"href":"http:\/\/www.compijada.cz\/index.php\/wp-json\/wp\/v2\/pages\/105\/revisions"}],"predecessor-version":[{"id":876,"href":"http:\/\/www.compijada.cz\/index.php\/wp-json\/wp\/v2\/pages\/105\/revisions\/876"}],"up":[{"embeddable":true,"href":"http:\/\/www.compijada.cz\/index.php\/wp-json\/wp\/v2\/pages\/74"}],"wp:attachment":[{"href":"http:\/\/www.compijada.cz\/index.php\/wp-json\/wp\/v2\/media?parent=105"}],"curies":[{"name":"wp","href":"https:\/\/api.w.org\/{rel}","templated":true}]}}